{"id":2452,"date":"2023-10-23T10:51:55","date_gmt":"2023-10-23T08:51:55","guid":{"rendered":"https:\/\/new-web.palacenatali.com\/?page_id=2452"},"modified":"2025-10-08T12:40:33","modified_gmt":"2025-10-08T10:40:33","slug":"o-imanju-natali","status":"publish","type":"page","link":"https:\/\/palacenatali.com\/hr\/o-nama\/o-imanju-natali\/","title":{"rendered":"O imanju Natali"},"content":{"rendered":"<div class=\"container\">\n<div class=\"text-center list hidden visible animate__animated animate__fadeIn full-visible\">\n<p>Spojem modernog dizajna s tradicionalnom arhitekturom, pru\u017eamo miran, opu\u0161taju\u0107i odmor u jedinstvenom ambijentu.<\/p>\n<\/div>\n<\/div>\n","protected":false},"excerpt":{"rendered":"<p>Spojem modernog dizajna s tradicionalnom arhitekturom, pru\u017eamo miran, opu\u0161taju\u0107i odmor u jedinstvenom ambijentu.<\/p>\n","protected":false},"author":2,"featured_media":6771,"parent":2425,"menu_order":19,"comment_status":"closed","ping_status":"closed","template":"template-about-property.php","meta":{"footnotes":""},"class_list":["post-2452","page","type-page","status-publish","has-post-thumbnail","hentry"],"acf":[],"aioseo_notices":[],"_links":{"self":[{"href":"https:\/\/palacenatali.com\/hr\/wp-json\/wp\/v2\/pages\/2452","targetHints":{"allow":["GET"]}}],"collection":[{"href":"https:\/\/palacenatali.com\/hr\/wp-json\/wp\/v2\/pages"}],"about":[{"href":"https:\/\/palacenatali.com\/hr\/wp-json\/wp\/v2\/types\/page"}],"author":[{"embeddable":true,"href":"https:\/\/palacenatali.com\/hr\/wp-json\/wp\/v2\/users\/2"}],"replies":[{"embeddable":true,"href":"https:\/\/palacenatali.com\/hr\/wp-json\/wp\/v2\/comments?post=2452"}],"version-history":[{"count":9,"href":"https:\/\/palacenatali.com\/hr\/wp-json\/wp\/v2\/pages\/2452\/revisions"}],"predecessor-version":[{"id":7752,"href":"https:\/\/palacenatali.com\/hr\/wp-json\/wp\/v2\/pages\/2452\/revisions\/7752"}],"up":[{"embeddable":true,"href":"https:\/\/palacenatali.com\/hr\/wp-json\/wp\/v2\/pages\/2425"}],"wp:featuredmedia":[{"embeddable":true,"href":"https:\/\/palacenatali.com\/hr\/wp-json\/wp\/v2\/media\/6771"}],"wp:attachment":[{"href":"https:\/\/palacenatali.com\/hr\/wp-json\/wp\/v2\/media?parent=2452"}],"curies":[{"name":"wp","href":"https:\/\/api.w.org\/{rel}","templated":true}]}}

<div class="container">
<div class="text-center list hidden visible animate__animated animate__fadeIn full-visible">
<p>Spojem modernog dizajna s tradicionalnom arhitekturom, pružamo miran, opuštajući odmor u jedinstvenom ambijentu.</p>
</div>
</div>

<p>Spojem modernog dizajna s tradicionalnom arhitekturom, pružamo miran, opuštajući odmor u jedinstvenom ambijentu.</p>
